{"id":263,"date":"2015-10-12T21:56:12","date_gmt":"2015-10-12T21:56:12","guid":{"rendered":"http:\/\/tn.joomexp.com\/wordpress\/wp-petvet1\/?page_id=263"},"modified":"2016-05-31T13:25:27","modified_gmt":"2016-05-31T10:25:27","slug":"palvelut","status":"publish","type":"page","link":"https:\/\/elaintohtori.fi\/lauttasaari\/palvelut\/","title":{"rendered":"Palvelut"},"content":{"rendered":"<p>[vc_row css=&#8221;.vc_custom_1446047860354{padding-bottom: 70px !important;}&#8221;][vc_column][vc_column_text]<\/p>\n<p style=\"text-align: center;\">Tarjoamme sinulle ja lemmikillesi laadukkaita el\u00e4inl\u00e4\u00e4k\u00e4ripalveluita on sitten kyse perusterveydenhuollosta, hammaskirurgiasta tai vaativammista sis\u00e4tauti tai kirurgisista toimenpiteist\u00e4.<\/p>\n<p style=\"text-align: center;\">El\u00e4inl\u00e4\u00e4k\u00e4reill\u00e4mme on runsaasti erityisosaamista eri el\u00e4inl\u00e4\u00e4ketieteen aloilta. Kiinte\u00e4 yhteisty\u00f6 ja yhteiset koulutukset mahdollistavat, ett\u00e4 voimme hy\u00f6dynt\u00e4\u00e4 my\u00f6s toisten yhteisty\u00f6klinikoiden erityisosaamista p\u00e4ivitt\u00e4isess\u00e4 potilasty\u00f6ss\u00e4. Potilaiden l\u00e4hett\u00e4minen yhteisty\u00f6klinikoiden kesken k\u00e4y vaivattomasti.<\/p>\n<p style=\"text-align: center;\">Voit tutustua tarkemmin osaan palveluistamme oheisen palveluhakemiston kautta.<\/p>\n<p>[\/vc_column_text][cms_grid col_xs=&#8221;1&#8243; col_sm=&#8221;2&#8243; col_md=&#8221;4&#8243; col_lg=&#8221;4&#8243; animation_duration=&#8221;1s&#8221; animation_delay=&#8221;0.2s&#8221; animation=&#8221;fadeIn&#8221; source=&#8221;size:50|order_by:date|post_type:our-service&#8221; cms_template=&#8221;cms_grid&#8211;our-service.php&#8221;][\/vc_column][\/vc_row][vc_row][vc_column][\/vc_column][\/vc_row]<\/p>\n","protected":false},"excerpt":{"rendered":"<p>[vc_row css=&#8221;.vc_custom_1446047860354{padding-bottom: 70px !important;}&#8221;][vc_column][vc_column_text] Tarjoamme sinulle ja lemmikillesi laadukkaita el\u00e4inl\u00e4\u00e4k\u00e4ripalveluita on sitten kyse perusterveydenhuollosta, hammaskirurgiasta tai vaativammista sis\u00e4tauti tai kirurgisista toimenpiteist\u00e4. El\u00e4inl\u00e4\u00e4k\u00e4reill\u00e4mme on runsaasti erityisosaamista eri el\u00e4inl\u00e4\u00e4ketieteen aloilta. Kiinte\u00e4 yhteisty\u00f6 ja yhteiset koulutukset mahdollistavat, ett\u00e4 voimme hy\u00f6dynt\u00e4\u00e4 my\u00f6s toisten yhteisty\u00f6klinikoiden erityisosaamista p\u00e4ivitt\u00e4isess\u00e4 potilasty\u00f6ss\u00e4. Potilaiden l\u00e4hett\u00e4minen yhteisty\u00f6klinikoiden kesken k\u00e4y vaivattomasti. Voit tutustua tarkemmin osaan palveluistamme oheisen [&hellip;]<\/p>\n","protected":false},"author":1,"featured_media":0,"parent":0,"menu_order":0,"comment_status":"closed","ping_status":"closed","template":"","meta":{"footnotes":""},"class_list":["post-263","page","type-page","status-publish","hentry"],"_links":{"self":[{"href":"https:\/\/elaintohtori.fi\/lauttasaari\/wp-json\/wp\/v2\/pages\/263","targetHints":{"allow":["GET"]}}],"collection":[{"href":"https:\/\/elaintohtori.fi\/lauttasaari\/wp-json\/wp\/v2\/pages"}],"about":[{"href":"https:\/\/elaintohtori.fi\/lauttasaari\/wp-json\/wp\/v2\/types\/page"}],"author":[{"embeddable":true,"href":"https:\/\/elaintohtori.fi\/lauttasaari\/wp-json\/wp\/v2\/users\/1"}],"replies":[{"embeddable":true,"href":"https:\/\/elaintohtori.fi\/lauttasaari\/wp-json\/wp\/v2\/comments?post=263"}],"version-history":[{"count":5,"href":"https:\/\/elaintohtori.fi\/lauttasaari\/wp-json\/wp\/v2\/pages\/263\/revisions"}],"predecessor-version":[{"id":1220,"href":"https:\/\/elaintohtori.fi\/lauttasaari\/wp-json\/wp\/v2\/pages\/263\/revisions\/1220"}],"wp:attachment":[{"href":"https:\/\/elaintohtori.fi\/lauttasaari\/wp-json\/wp\/v2\/media?parent=263"}],"curies":[{"name":"wp","href":"https:\/\/api.w.org\/{rel}","templated":true}]}}